{"id":32,"date":"2026-02-20T10:41:36","date_gmt":"2026-02-20T09:41:36","guid":{"rendered":"https:\/\/l-atelier-vegetal.juniorisep.com\/?page_id=32"},"modified":"2026-03-13T12:47:12","modified_gmt":"2026-03-13T11:47:12","slug":"a-propos-de-nous","status":"publish","type":"page","link":"https:\/\/l-atelier-vegetal.juniorisep.com\/?page_id=32","title":{"rendered":"\u00c0 propos de nous"},"content":{"rendered":"\t\t<div data-elementor-type=\"wp-page\" data-elementor-id=\"32\" class=\"elementor elementor-32\" data-elementor-post-type=\"page\">\n\t\t\t\t<div class=\"elementor-element elementor-element-82a2dbd e-flex e-con-boxed e-con e-parent\" data-id=\"82a2dbd\" data-element_type=\"container\" data-e-type=\"container\">\n\t\t\t\t\t<div class=\"e-con-inner\">\n\t\t\t\t<div class=\"elementor-element elementor-element-cc605fe elementor-widget elementor-widget-heading\" data-id=\"cc605fe\" data-element_type=\"widget\" data-e-type=\"widget\" data-widget_type=\"heading.default\">\n\t\t\t\t\t<h1 class=\"elementor-heading-title elementor-size-default\">L'h\u00e9ritage d'une passion familiale.<\/h1>\t\t\t\t<\/div>\n\t\t\t\t\t\t\t\t<p class=\"e-5026d3d-6808de6 e-paragraph-base\" data-interaction-id=\"5026d3d\"  >\n\t\t\t\t\t\t\t\t\u00c0 L'Atelier V\u00e9g\u00e9tal, nous cultivons l'excellence. Nos compagnons paysagistes utilisent des m\u00e9thodes de taille douces et des outils silencieux pour respecter la s\u00e9r\u00e9nit\u00e9 de votre environnement. Choisir notre atelier, c'est opter pour une approche raisonn\u00e9e o\u00f9 la sant\u00e9 du v\u00e9g\u00e9tal est notre priorit\u00e9 absolue.\n\t\t\t\t\t<\/p>\n\t\t\t\t\t<\/div>\n\t\t\t\t<\/div>\n\t\t<div class=\"elementor-element elementor-element-2550f06 e-flex e-con-boxed e-con e-parent\" data-id=\"2550f06\" data-element_type=\"container\" data-e-type=\"container\">\n\t\t\t\t\t<div class=\"e-con-inner\">\n\t\t\t\t<div class=\"elementor-element elementor-element-1d067ac elementor-widget elementor-widget-heading\" data-id=\"1d067ac\" data-element_type=\"widget\" data-e-type=\"widget\" data-widget_type=\"heading.default\">\n\t\t\t\t\t<h1 class=\"elementor-heading-title elementor-size-default\">Tradition &amp; Transmission<\/h1>\t\t\t\t<\/div>\n\t\t\t\t\t\t\t\t<p class=\"e-bfdb277-1a20311 e-paragraph-base\" data-interaction-id=\"bfdb277\"  >\n\t\t\t\t\t\t\t\t\"Depuis 2003, l\u2019Atelier V\u00e9g\u00e9tal dessine et fa\u00e7onne les paysages parisiens. Entreprise de tradition familiale, nous croyons \u00e0 la force de la transmission : nous formons les talents de demain pour perp\u00e9tuer les gestes de l'artisanat paysager.Notre \u00e9quipe a acquis une exp\u00e9rience solide, nourrie par deux d\u00e9cennies de terrain, pour offrir \u00e0 chaque jardin une identit\u00e9 propre et une sant\u00e9 durable.\"\n\t\t\t\t\t<\/p>\n\t\t\t\t\t<\/div>\n\t\t\t\t<\/div>\n\t\t<div class=\"elementor-element elementor-element-15bdfd6 e-flex e-con-boxed e-con e-parent\" data-id=\"15bdfd6\" data-element_type=\"container\" data-e-type=\"container\">\n\t\t\t\t\t<div class=\"e-con-inner\">\n\t\t\t\t<div class=\"elementor-element elementor-element-28d0ff1 elementor-widget elementor-widget-heading\" data-id=\"28d0ff1\" data-element_type=\"widget\" data-e-type=\"widget\" data-widget_type=\"heading.default\">\n\t\t\t\t\t<h1 class=\"elementor-heading-title elementor-size-default\">Une main douce, une terre respect\u00e9e<\/h1>\t\t\t\t<\/div>\n\t\t\t\t\t\t\t\t<p class=\"e-f69c51d-1e5cae9 e-paragraph-base\" data-interaction-id=\"f69c51d\"  >\n\t\t\t\t\t\t\t\t\"Nous ne nous contentons pas de planter ; nous accompagnons le vivant.<strong>La Taille Douce :<\/strong> Nous privil\u00e9gions des m\u00e9thodes \u00e9prouv\u00e9es qui respectent la physiologie de l'arbre et du v\u00e9g\u00e9tal.<strong>La Discr\u00e9tion Absolue :<\/strong> Sensibles \u00e0 la s\u00e9r\u00e9nit\u00e9 de vos ext\u00e9rieurs, nous intervenons avec des outils manuels ou des engins \u00e9lectriques silencieux. Le jardin reste un lieu de repos, m\u00eame pendant son entretien.<strong>L'Engagement Raisonn\u00e9 :<\/strong> Notre lutte contre les parasites est pens\u00e9e pour minimiser notre empreinte. Un sol sain est le secret d'un jardin qui s'\u00e9panouit sans artifice.\"\n\t\t\t\t\t<\/p>\n\t\t\t\t\t<\/div>\n\t\t\t\t<\/div>\n\t\t<div class=\"elementor-element elementor-element-b28c0c3 e-flex e-con-boxed e-con e-parent\" data-id=\"b28c0c3\" data-element_type=\"container\" data-e-type=\"container\">\n\t\t\t\t\t<div class=\"e-con-inner\">\n\t\t\t\t<div class=\"elementor-element elementor-element-3dc95a4 elementor-widget elementor-widget-heading\" data-id=\"3dc95a4\" data-element_type=\"widget\" data-e-type=\"widget\" data-widget_type=\"heading.default\">\n\t\t\t\t\t<h1 class=\"elementor-heading-title elementor-size-default\">L\u2019Atelier V\u00e9g\u00e9tal : L\u2019\u00e9quilibre entre l\u2019homme, l\u2019art et la nature.<\/h1>\t\t\t\t<\/div>\n\t\t\t\t\t\t\t\t<p class=\"e-ca79cf7-ff7d522 e-paragraph-base\" data-interaction-id=\"ca79cf7\"  >\n\t\t\t\t\t\t\t\t\"Depuis 2003, l\u2019Atelier V\u00e9g\u00e9tal dessine et fa\u00e7onne les paysages parisiens. Entreprise de tradition familiale, nous croyons \u00e0 la force de la transmission : nous formons les talents de demain pour perp\u00e9tuer les gestes de l'artisanat paysager.Notre \u00e9quipe a acquis une exp\u00e9rience solide, nourrie par deux d\u00e9cennies de terrain, pour offrir \u00e0 chaque jardin une identit\u00e9 propre et une sant\u00e9 durable.\"\n\t\t\t\t\t<\/p>\n\t\t\t\t\t<\/div>\n\t\t\t\t<\/div>\n\t\t<div class=\"elementor-element elementor-element-7e255ed e-flex e-con-boxed e-con e-parent\" data-id=\"7e255ed\" data-element_type=\"container\" data-e-type=\"container\">\n\t\t\t\t\t<div class=\"e-con-inner\">\n\t\t\t\t<div class=\"elementor-element elementor-element-a755ed8 elementor-widget elementor-widget-heading\" data-id=\"a755ed8\" data-element_type=\"widget\" data-e-type=\"widget\" data-widget_type=\"heading.default\">\n\t\t\t\t\t<h1 class=\"elementor-heading-title elementor-size-default\">Vos Envies, Notre Signature<\/h1>\t\t\t\t<\/div>\n\t\t\t\t\t\t\t\t<p class=\"e-12c87a0-06cbcd3 e-paragraph-base\" data-interaction-id=\"12c87a0\"  >\n\t\t\t\t\t\t\t\t\"Bas\u00e9s \u00e0 Paris, nous mettons toutes nos comp\u00e9tences \u2014 de l'\u00e9lagage-grimpe au design de jardins zen ou exotiques \u2014 au service de vos envies v\u00e9g\u00e9tales.<strong>Confiez-nous vos ext\u00e9rieurs, nous en ferons des lieux d'exception.<\/strong>\"\n\t\t\t\t\t<\/p>\n\t\t\t\t\t<\/div>\n\t\t\t\t<\/div>\n\t\t\t\t<\/div>\n\t\t","protected":false},"excerpt":{"rendered":"<p>L&rsquo;h\u00e9ritage d&rsquo;une passion familiale. \u00c0 L&rsquo;Atelier V\u00e9g\u00e9tal, nous cultivons l&rsquo;excellence. Nos compagnons paysagistes utilisent des m\u00e9thodes de taille douces et des outils silencieux pour respecter la s\u00e9r\u00e9nit\u00e9 de votre environnement. Choisir notre atelier, c&rsquo;est opter pour une approche raisonn\u00e9e o\u00f9 la sant\u00e9 du v\u00e9g\u00e9tal est notre priorit\u00e9 absolue. Tradition &amp; Transmission \u00ab\u00a0Depuis 2003, l\u2019Atelier V\u00e9g\u00e9tal [&hellip;]<\/p>\n","protected":false},"author":1,"featured_media":0,"parent":18,"menu_order":0,"comment_status":"closed","ping_status":"closed","template":"elementor_theme","meta":{"footnotes":""},"class_list":["post-32","page","type-page","status-publish","hentry"],"_links":{"self":[{"href":"https:\/\/l-atelier-vegetal.juniorisep.com\/index.php?rest_route=\/wp\/v2\/pages\/32","targetHints":{"allow":["GET"]}}],"collection":[{"href":"https:\/\/l-atelier-vegetal.juniorisep.com\/index.php?rest_route=\/wp\/v2\/pages"}],"about":[{"href":"https:\/\/l-atelier-vegetal.juniorisep.com\/index.php?rest_route=\/wp\/v2\/types\/page"}],"author":[{"embeddable":true,"href":"https:\/\/l-atelier-vegetal.juniorisep.com\/index.php?rest_route=\/wp\/v2\/users\/1"}],"replies":[{"embeddable":true,"href":"https:\/\/l-atelier-vegetal.juniorisep.com\/index.php?rest_route=%2Fwp%2Fv2%2Fcomments&post=32"}],"version-history":[{"count":22,"href":"https:\/\/l-atelier-vegetal.juniorisep.com\/index.php?rest_route=\/wp\/v2\/pages\/32\/revisions"}],"predecessor-version":[{"id":322,"href":"https:\/\/l-atelier-vegetal.juniorisep.com\/index.php?rest_route=\/wp\/v2\/pages\/32\/revisions\/322"}],"up":[{"embeddable":true,"href":"https:\/\/l-atelier-vegetal.juniorisep.com\/index.php?rest_route=\/wp\/v2\/pages\/18"}],"wp:attachment":[{"href":"https:\/\/l-atelier-vegetal.juniorisep.com\/index.php?rest_route=%2Fwp%2Fv2%2Fmedia&parent=32"}],"curies":[{"name":"wp","href":"https:\/\/api.w.org\/{rel}","templated":true}]}}